{"id":970,"date":"2019-06-23T18:05:36","date_gmt":"2019-06-23T16:05:36","guid":{"rendered":"http:\/\/antoinelemaire-archi-photo.fr\/wp-content\/uploads\/2019\/06\/chlo\u00e9-la-beaut\u00e9-6.jpg"},"modified":"2019-06-23T18:05:52","modified_gmt":"2019-06-23T16:05:52","slug":"chloe-la-beaute-6","status":"inherit","type":"attachment","link":"https:\/\/antoinelemaire-archi-photo.fr\/index.php\/2019\/06\/23\/portrait-2\/chloe-la-beaute-6\/","title":{"rendered":"Chlo\u00e9 Dell&rsquo;Aglio"},"author":1,"featured_media":0,"comment_status":"open","ping_status":"closed","template":"","meta":{"_monsterinsights_skip_tracking":false,"_monsterinsights_sitenote_active":false,"_monsterinsights_sitenote_note":"","_monsterinsights_sitenote_category":0},"class_list":["post-970","attachment","type-attachment","status-inherit","hentry"],"description":{"rendered":"<p class=\"attachment\"><a href='https:\/\/antoinelemaire-archi-photo.fr\/wp-content\/uploads\/2019\/06\/chlo\u00e9-la-beaut\u00e9-6.jpg'><img loading=\"lazy\" decoding=\"async\" width=\"200\" height=\"300\" src=\"https:\/\/antoinelemaire-archi-photo.fr\/wp-content\/uploads\/2019\/06\/chlo\u00e9-la-beaut\u00e9-6-200x300.jpg\" class=\"attachment-medium size-medium\" alt=\"Chlo\u00e9 Dell&#039;Aglio\" srcset=\"https:\/\/antoinelemaire-archi-photo.fr\/wp-content\/uploads\/2019\/06\/chlo\u00e9-la-beaut\u00e9-6-200x300.jpg 200w, https:\/\/antoinelemaire-archi-photo.fr\/wp-content\/uploads\/2019\/06\/chlo\u00e9-la-beaut\u00e9-6-768x1152.jpg 768w, https:\/\/antoinelemaire-archi-photo.fr\/wp-content\/uploads\/2019\/06\/chlo\u00e9-la-beaut\u00e9-6-683x1024.jpg 683w, https:\/\/antoinelemaire-archi-photo.fr\/wp-content\/uploads\/2019\/06\/chlo\u00e9-la-beaut\u00e9-6-1240x1860.jpg 1240w, https:\/\/antoinelemaire-archi-photo.fr\/wp-content\/uploads\/2019\/06\/chlo\u00e9-la-beaut\u00e9-6-508x762.jpg 508w\" sizes=\"auto, (max-width: 200px) 100vw, 200px\" \/><\/a><\/p>\n<p>Chlo\u00e9 Dell&rsquo;Aglio<\/p>\n"},"caption":{"rendered":"<p>Chlo\u00e9 Dell&rsquo;Aglio<\/p>\n"},"alt_text":"Chlo\u00e9 Dell'Aglio","media_type":"image","mime_type":"image\/jpeg","media_details":{"width":4000,"height":6000,"file":"2019\/06\/chlo\u00e9-la-beaut\u00e9-6.jpg","sizes":{"thumbnail":{"file":"chlo\u00e9-la-beaut\u00e9-6-150x150.jpg","width":150,"height":150,"mime_type":"image\/jpeg","source_url":"https:\/\/antoinelemaire-archi-photo.fr\/wp-content\/uploads\/2019\/06\/chlo\u00e9-la-beaut\u00e9-6-150x150.jpg"},"medium":{"file":"chlo\u00e9-la-beaut\u00e9-6-200x300.jpg","width":200,"height":300,"mime_type":"image\/jpeg","source_url":"https:\/\/antoinelemaire-archi-photo.fr\/wp-content\/uploads\/2019\/06\/chlo\u00e9-la-beaut\u00e9-6-200x300.jpg"},"medium_large":{"file":"chlo\u00e9-la-beaut\u00e9-6-768x1152.jpg","width":768,"height":1152,"mime_type":"image\/jpeg","source_url":"https:\/\/antoinelemaire-archi-photo.fr\/wp-content\/uploads\/2019\/06\/chlo\u00e9-la-beaut\u00e9-6-768x1152.jpg"},"large":{"file":"chlo\u00e9-la-beaut\u00e9-6-683x1024.jpg","width":683,"height":1024,"mime_type":"image\/jpeg","source_url":"https:\/\/antoinelemaire-archi-photo.fr\/wp-content\/uploads\/2019\/06\/chlo\u00e9-la-beaut\u00e9-6-683x1024.jpg"},"post-image":{"file":"chlo\u00e9-la-beaut\u00e9-6-1240x1860.jpg","width":1240,"height":1860,"mime_type":"image\/jpeg","source_url":"https:\/\/antoinelemaire-archi-photo.fr\/wp-content\/uploads\/2019\/06\/chlo\u00e9-la-beaut\u00e9-6-1240x1860.jpg"},"post-thumb":{"file":"chlo\u00e9-la-beaut\u00e9-6-508x762.jpg","width":508,"height":762,"mime_type":"image\/jpeg","source_url":"https:\/\/antoinelemaire-archi-photo.fr\/wp-content\/uploads\/2019\/06\/chlo\u00e9-la-beaut\u00e9-6-508x762.jpg"},"full":{"file":"chlo\u00e9-la-beaut\u00e9-6.jpg","width":4000,"height":6000,"mime_type":"image\/jpeg","source_url":"https:\/\/antoinelemaire-archi-photo.fr\/wp-content\/uploads\/2019\/06\/chlo\u00e9-la-beaut\u00e9-6.jpg"}},"image_meta":{"aperture":"4.5","credit":"Antoine_LEMAIRE_ARCHIPHOTO","camera":"NIKON D7200","caption":"","created_timestamp":"1551550955","copyright":"Antoine Lemaire","focal_length":"25","iso":"160","shutter_speed":"0.00625","title":"","orientation":"1","keywords":[]}},"post":966,"source_url":"https:\/\/antoinelemaire-archi-photo.fr\/wp-content\/uploads\/2019\/06\/chlo\u00e9-la-beaut\u00e9-6.jpg","_links":{"self":[{"href":"https:\/\/antoinelemaire-archi-photo.fr\/index.php\/wp-json\/wp\/v2\/media\/970","targetHints":{"allow":["GET"]}}],"collection":[{"href":"https:\/\/antoinelemaire-archi-photo.fr\/index.php\/wp-json\/wp\/v2\/media"}],"about":[{"href":"https:\/\/antoinelemaire-archi-photo.fr\/index.php\/wp-json\/wp\/v2\/types\/attachment"}],"author":[{"embeddable":true,"href":"https:\/\/antoinelemaire-archi-photo.fr\/index.php\/wp-json\/wp\/v2\/users\/1"}],"replies":[{"embeddable":true,"href":"https:\/\/antoinelemaire-archi-photo.fr\/index.php\/wp-json\/wp\/v2\/comments?post=970"}],"wp:attached-to":[{"embeddable":true,"post_type":"post","id":966,"href":"https:\/\/antoinelemaire-archi-photo.fr\/index.php\/wp-json\/wp\/v2\/posts\/966"}],"curies":[{"name":"wp","href":"https:\/\/api.w.org\/{rel}","templated":true}]}}

http://antoinelemaire-archi-photo.fr/wp-content/uploads/2019/06/chloé-la-beauté-6.jpg

Chloé Dell&rsquo;Aglio

<p class="attachment"><a href='https://antoinelemaire-archi-photo.fr/wp-content/uploads/2019/06/chloé-la-beauté-6.jpg'><img loading="lazy" decoding="async" width="200" height="300" src="https://antoinelemaire-archi-photo.fr/wp-content/uploads/2019/06/chloé-la-beauté-6-200x300.jpg" class="attachment-medium size-medium" alt="Chloé Dell&#039;Aglio" srcset="https://antoinelemaire-archi-photo.fr/wp-content/uploads/2019/06/chloé-la-beauté-6-200x300.jpg 200w, https://antoinelemaire-archi-photo.fr/wp-content/uploads/2019/06/chloé-la-beauté-6-768x1152.jpg 768w, https://antoinelemaire-archi-photo.fr/wp-content/uploads/2019/06/chloé-la-beauté-6-683x1024.jpg 683w, https://antoinelemaire-archi-photo.fr/wp-content/uploads/2019/06/chloé-la-beauté-6-1240x1860.jpg 1240w, https://antoinelemaire-archi-photo.fr/wp-content/uploads/2019/06/chloé-la-beauté-6-508x762.jpg 508w" sizes="auto, (max-width: 200px) 100vw, 200px" /></a></p>
<p>Chloé Dell&rsquo;Aglio</p>

<p>Chloé Dell&rsquo;Aglio</p>

Chloé Dell'Aglio

2019/06/chloé-la-beauté-6.jpg

chloé-la-beauté-6-150x150.jpg

https://antoinelemaire-archi-photo.fr/wp-content/uploads/2019/06/chloé-la-beauté-6-150x150.jpg

chloé-la-beauté-6-200x300.jpg

https://antoinelemaire-archi-photo.fr/wp-content/uploads/2019/06/chloé-la-beauté-6-200x300.jpg

chloé-la-beauté-6-768x1152.jpg

https://antoinelemaire-archi-photo.fr/wp-content/uploads/2019/06/chloé-la-beauté-6-768x1152.jpg

chloé-la-beauté-6-683x1024.jpg

https://antoinelemaire-archi-photo.fr/wp-content/uploads/2019/06/chloé-la-beauté-6-683x1024.jpg

chloé-la-beauté-6-1240x1860.jpg

https://antoinelemaire-archi-photo.fr/wp-content/uploads/2019/06/chloé-la-beauté-6-1240x1860.jpg

chloé-la-beauté-6-508x762.jpg

https://antoinelemaire-archi-photo.fr/wp-content/uploads/2019/06/chloé-la-beauté-6-508x762.jpg

chloé-la-beauté-6.jpg

https://antoinelemaire-archi-photo.fr/wp-content/uploads/2019/06/chloé-la-beauté-6.jpg
