{"id":536,"date":"2018-06-27T10:32:20","date_gmt":"2018-06-27T08:32:20","guid":{"rendered":"http:\/\/antoinelemaire-archi-photo.fr\/wp-content\/uploads\/2018\/06\/soutodemoura\u00e9\u00e9\u00e9.jpg"},"modified":"2018-06-27T10:34:37","modified_gmt":"2018-06-27T08:34:37","slug":"soutodemouraeee","status":"inherit","type":"attachment","link":"https:\/\/antoinelemaire-archi-photo.fr\/index.php\/2018\/07\/03\/un-week-end-a-venise-2018-antoine-lemaire\/soutodemouraeee\/","title":{"rendered":"Chapelle du Vatican par Eduardo SOUTO DE MOURA"},"author":1,"featured_media":0,"comment_status":"open","ping_status":"closed","template":"","meta":{"_monsterinsights_skip_tracking":false,"_monsterinsights_sitenote_active":false,"_monsterinsights_sitenote_note":"","_monsterinsights_sitenote_category":0},"class_list":["post-536","attachment","type-attachment","status-inherit","hentry"],"description":{"rendered":"<p class=\"attachment\"><a href='https:\/\/antoinelemaire-archi-photo.fr\/wp-content\/uploads\/2018\/06\/soutodemoura\u00e9\u00e9\u00e9.jpg'><img loading=\"lazy\" decoding=\"async\" width=\"300\" height=\"196\" src=\"https:\/\/antoinelemaire-archi-photo.fr\/wp-content\/uploads\/2018\/06\/soutodemoura\u00e9\u00e9\u00e9-300x196.jpg\" class=\"attachment-medium size-medium\" alt=\"Chapelle du Vatican par Eduardo SOUTO DE MOURA\" srcset=\"https:\/\/antoinelemaire-archi-photo.fr\/wp-content\/uploads\/2018\/06\/soutodemoura\u00e9\u00e9\u00e9-300x196.jpg 300w, https:\/\/antoinelemaire-archi-photo.fr\/wp-content\/uploads\/2018\/06\/soutodemoura\u00e9\u00e9\u00e9-768x501.jpg 768w, https:\/\/antoinelemaire-archi-photo.fr\/wp-content\/uploads\/2018\/06\/soutodemoura\u00e9\u00e9\u00e9-1024x668.jpg 1024w, https:\/\/antoinelemaire-archi-photo.fr\/wp-content\/uploads\/2018\/06\/soutodemoura\u00e9\u00e9\u00e9-360x235.jpg 360w\" sizes=\"auto, (max-width: 300px) 100vw, 300px\" \/><\/a><\/p>\n<p>Chapelle du Vatican par Eduardo SOUTO DE MOURA<\/p>\n"},"caption":{"rendered":"<p>Chapelle du Vatican par Eduardo SOUTO DE MOURA<\/p>\n"},"alt_text":"Chapelle du Vatican par Eduardo SOUTO DE MOURA","media_type":"image","mime_type":"image\/jpeg","media_details":{"width":4455,"height":2905,"file":"2018\/06\/soutodemoura\u00e9\u00e9\u00e9.jpg","sizes":{"thumbnail":{"file":"soutodemoura\u00e9\u00e9\u00e9-150x150.jpg","width":150,"height":150,"mime_type":"image\/jpeg","source_url":"https:\/\/antoinelemaire-archi-photo.fr\/wp-content\/uploads\/2018\/06\/soutodemoura\u00e9\u00e9\u00e9-150x150.jpg"},"medium":{"file":"soutodemoura\u00e9\u00e9\u00e9-300x196.jpg","width":300,"height":196,"mime_type":"image\/jpeg","source_url":"https:\/\/antoinelemaire-archi-photo.fr\/wp-content\/uploads\/2018\/06\/soutodemoura\u00e9\u00e9\u00e9-300x196.jpg"},"medium_large":{"file":"soutodemoura\u00e9\u00e9\u00e9-768x501.jpg","width":768,"height":501,"mime_type":"image\/jpeg","source_url":"https:\/\/antoinelemaire-archi-photo.fr\/wp-content\/uploads\/2018\/06\/soutodemoura\u00e9\u00e9\u00e9-768x501.jpg"},"large":{"file":"soutodemoura\u00e9\u00e9\u00e9-1024x668.jpg","width":1024,"height":668,"mime_type":"image\/jpeg","source_url":"https:\/\/antoinelemaire-archi-photo.fr\/wp-content\/uploads\/2018\/06\/soutodemoura\u00e9\u00e9\u00e9-1024x668.jpg"},"shop_isle_blog_image_size":{"file":"soutodemoura\u00e9\u00e9\u00e9-750x500.jpg","width":750,"height":500,"mime_type":"image\/jpeg","source_url":"https:\/\/antoinelemaire-archi-photo.fr\/wp-content\/uploads\/2018\/06\/soutodemoura\u00e9\u00e9\u00e9-750x500.jpg"},"shop_isle_banner_homepage":{"file":"soutodemoura\u00e9\u00e9\u00e9-360x235.jpg","width":360,"height":235,"mime_type":"image\/jpeg","source_url":"https:\/\/antoinelemaire-archi-photo.fr\/wp-content\/uploads\/2018\/06\/soutodemoura\u00e9\u00e9\u00e9-360x235.jpg"},"shop_isle_category_thumbnail":{"file":"soutodemoura\u00e9\u00e9\u00e9-500x500.jpg","width":500,"height":500,"mime_type":"image\/jpeg","source_url":"https:\/\/antoinelemaire-archi-photo.fr\/wp-content\/uploads\/2018\/06\/soutodemoura\u00e9\u00e9\u00e9-500x500.jpg"},"shop_isle_cart_item_image_size":{"file":"soutodemoura\u00e9\u00e9\u00e9-58x72.jpg","width":58,"height":72,"mime_type":"image\/jpeg","source_url":"https:\/\/antoinelemaire-archi-photo.fr\/wp-content\/uploads\/2018\/06\/soutodemoura\u00e9\u00e9\u00e9-58x72.jpg"},"full":{"file":"soutodemoura\u00e9\u00e9\u00e9.jpg","width":4455,"height":2905,"mime_type":"image\/jpeg","source_url":"https:\/\/antoinelemaire-archi-photo.fr\/wp-content\/uploads\/2018\/06\/soutodemoura\u00e9\u00e9\u00e9.jpg"}},"image_meta":{"aperture":"8","credit":"Antoine_LEMAIRE_ARCHIPHOTO","camera":"NIKON D7200","caption":"","created_timestamp":"1527439619","copyright":"Antoine Lemaire","focal_length":"38","iso":"160","shutter_speed":"0.003125","title":"","orientation":"1","keywords":[]}},"post":510,"source_url":"https:\/\/antoinelemaire-archi-photo.fr\/wp-content\/uploads\/2018\/06\/soutodemoura\u00e9\u00e9\u00e9.jpg","_links":{"self":[{"href":"https:\/\/antoinelemaire-archi-photo.fr\/index.php\/wp-json\/wp\/v2\/media\/536","targetHints":{"allow":["GET"]}}],"collection":[{"href":"https:\/\/antoinelemaire-archi-photo.fr\/index.php\/wp-json\/wp\/v2\/media"}],"about":[{"href":"https:\/\/antoinelemaire-archi-photo.fr\/index.php\/wp-json\/wp\/v2\/types\/attachment"}],"author":[{"embeddable":true,"href":"https:\/\/antoinelemaire-archi-photo.fr\/index.php\/wp-json\/wp\/v2\/users\/1"}],"replies":[{"embeddable":true,"href":"https:\/\/antoinelemaire-archi-photo.fr\/index.php\/wp-json\/wp\/v2\/comments?post=536"}],"wp:attached-to":[{"embeddable":true,"post_type":"post","id":510,"href":"https:\/\/antoinelemaire-archi-photo.fr\/index.php\/wp-json\/wp\/v2\/posts\/510"}],"curies":[{"name":"wp","href":"https:\/\/api.w.org\/{rel}","templated":true}]}}

http://antoinelemaire-archi-photo.fr/wp-content/uploads/2018/06/soutodemouraééé.jpg

<p class="attachment"><a href='https://antoinelemaire-archi-photo.fr/wp-content/uploads/2018/06/soutodemouraééé.jpg'><img loading="lazy" decoding="async" width="300" height="196" src="https://antoinelemaire-archi-photo.fr/wp-content/uploads/2018/06/soutodemouraééé-300x196.jpg" class="attachment-medium size-medium" alt="Chapelle du Vatican par Eduardo SOUTO DE MOURA" srcset="https://antoinelemaire-archi-photo.fr/wp-content/uploads/2018/06/soutodemouraééé-300x196.jpg 300w, https://antoinelemaire-archi-photo.fr/wp-content/uploads/2018/06/soutodemouraééé-768x501.jpg 768w, https://antoinelemaire-archi-photo.fr/wp-content/uploads/2018/06/soutodemouraééé-1024x668.jpg 1024w, https://antoinelemaire-archi-photo.fr/wp-content/uploads/2018/06/soutodemouraééé-360x235.jpg 360w" sizes="auto, (max-width: 300px) 100vw, 300px" /></a></p>
<p>Chapelle du Vatican par Eduardo SOUTO DE MOURA</p>

2018/06/soutodemouraééé.jpg

soutodemouraééé-150x150.jpg

https://antoinelemaire-archi-photo.fr/wp-content/uploads/2018/06/soutodemouraééé-150x150.jpg

soutodemouraééé-300x196.jpg

https://antoinelemaire-archi-photo.fr/wp-content/uploads/2018/06/soutodemouraééé-300x196.jpg

soutodemouraééé-768x501.jpg

https://antoinelemaire-archi-photo.fr/wp-content/uploads/2018/06/soutodemouraééé-768x501.jpg

soutodemouraééé-1024x668.jpg

https://antoinelemaire-archi-photo.fr/wp-content/uploads/2018/06/soutodemouraééé-1024x668.jpg

soutodemouraééé-750x500.jpg

https://antoinelemaire-archi-photo.fr/wp-content/uploads/2018/06/soutodemouraééé-750x500.jpg

soutodemouraééé-360x235.jpg

https://antoinelemaire-archi-photo.fr/wp-content/uploads/2018/06/soutodemouraééé-360x235.jpg

soutodemouraééé-500x500.jpg

https://antoinelemaire-archi-photo.fr/wp-content/uploads/2018/06/soutodemouraééé-500x500.jpg

soutodemouraééé-58x72.jpg

https://antoinelemaire-archi-photo.fr/wp-content/uploads/2018/06/soutodemouraééé-58x72.jpg

soutodemouraééé.jpg

https://antoinelemaire-archi-photo.fr/wp-content/uploads/2018/06/soutodemouraééé.jpg
