{"id":485,"date":"2018-06-27T09:29:20","date_gmt":"2018-06-27T07:29:20","guid":{"rendered":"http:\/\/antoinelemaire-archi-photo.fr\/wp-content\/uploads\/2018\/06\/coupe-maternelle-texture.jpg"},"modified":"2018-06-27T09:45:15","modified_gmt":"2018-06-27T07:45:15","slug":"a1-2","status":"inherit","type":"attachment","link":"https:\/\/antoinelemaire-archi-photo.fr\/index.php\/2018\/06\/27\/un-groupe-scolaire-a-marseille-antoine-lemaire\/a1-2\/","title":{"rendered":"Coupe d\u00e9tail classe \u00e9l\u00e9mentaire 1\/50"},"author":1,"featured_media":0,"comment_status":"open","ping_status":"closed","template":"","meta":{"_monsterinsights_skip_tracking":false,"_monsterinsights_sitenote_active":false,"_monsterinsights_sitenote_note":"","_monsterinsights_sitenote_category":0},"class_list":["post-485","attachment","type-attachment","status-inherit","hentry"],"description":{"rendered":"<p class=\"attachment\"><a href='https:\/\/antoinelemaire-archi-photo.fr\/wp-content\/uploads\/2018\/06\/coupe-maternelle-texture.jpg'><img loading=\"lazy\" decoding=\"async\" width=\"300\" height=\"178\" src=\"https:\/\/antoinelemaire-archi-photo.fr\/wp-content\/uploads\/2018\/06\/coupe-maternelle-texture-300x178.jpg\" class=\"attachment-medium size-medium\" alt=\"Coupe d\u00e9tail classe \u00e9l\u00e9mentaire 1\/50\" srcset=\"https:\/\/antoinelemaire-archi-photo.fr\/wp-content\/uploads\/2018\/06\/coupe-maternelle-texture-300x178.jpg 300w, https:\/\/antoinelemaire-archi-photo.fr\/wp-content\/uploads\/2018\/06\/coupe-maternelle-texture-768x456.jpg 768w, https:\/\/antoinelemaire-archi-photo.fr\/wp-content\/uploads\/2018\/06\/coupe-maternelle-texture-1024x607.jpg 1024w\" sizes=\"auto, (max-width: 300px) 100vw, 300px\" \/><\/a><\/p>\n<p>Coupe d\u00e9tail classe \u00e9l\u00e9mentaire 1\/50<\/p>\n"},"caption":{"rendered":"<p>Coupe d\u00e9tail classe \u00e9l\u00e9mentaire 1\/50<\/p>\n"},"alt_text":"Coupe d\u00e9tail classe \u00e9l\u00e9mentaire 1\/50","media_type":"image","mime_type":"image\/jpeg","media_details":{"width":5593,"height":3318,"file":"2018\/06\/coupe-maternelle-texture.jpg","sizes":{"thumbnail":{"file":"coupe-maternelle-texture-150x150.jpg","width":150,"height":150,"mime_type":"image\/jpeg","source_url":"https:\/\/antoinelemaire-archi-photo.fr\/wp-content\/uploads\/2018\/06\/coupe-maternelle-texture-150x150.jpg"},"medium":{"file":"coupe-maternelle-texture-300x178.jpg","width":300,"height":178,"mime_type":"image\/jpeg","source_url":"https:\/\/antoinelemaire-archi-photo.fr\/wp-content\/uploads\/2018\/06\/coupe-maternelle-texture-300x178.jpg"},"medium_large":{"file":"coupe-maternelle-texture-768x456.jpg","width":768,"height":456,"mime_type":"image\/jpeg","source_url":"https:\/\/antoinelemaire-archi-photo.fr\/wp-content\/uploads\/2018\/06\/coupe-maternelle-texture-768x456.jpg"},"large":{"file":"coupe-maternelle-texture-1024x607.jpg","width":1024,"height":607,"mime_type":"image\/jpeg","source_url":"https:\/\/antoinelemaire-archi-photo.fr\/wp-content\/uploads\/2018\/06\/coupe-maternelle-texture-1024x607.jpg"},"shop_isle_blog_image_size":{"file":"coupe-maternelle-texture-750x500.jpg","width":750,"height":500,"mime_type":"image\/jpeg","source_url":"https:\/\/antoinelemaire-archi-photo.fr\/wp-content\/uploads\/2018\/06\/coupe-maternelle-texture-750x500.jpg"},"shop_isle_banner_homepage":{"file":"coupe-maternelle-texture-360x235.jpg","width":360,"height":235,"mime_type":"image\/jpeg","source_url":"https:\/\/antoinelemaire-archi-photo.fr\/wp-content\/uploads\/2018\/06\/coupe-maternelle-texture-360x235.jpg"},"shop_isle_category_thumbnail":{"file":"coupe-maternelle-texture-500x500.jpg","width":500,"height":500,"mime_type":"image\/jpeg","source_url":"https:\/\/antoinelemaire-archi-photo.fr\/wp-content\/uploads\/2018\/06\/coupe-maternelle-texture-500x500.jpg"},"shop_isle_cart_item_image_size":{"file":"coupe-maternelle-texture-58x72.jpg","width":58,"height":72,"mime_type":"image\/jpeg","source_url":"https:\/\/antoinelemaire-archi-photo.fr\/wp-content\/uploads\/2018\/06\/coupe-maternelle-texture-58x72.jpg"},"full":{"file":"coupe-maternelle-texture.jpg","width":5593,"height":3318,"mime_type":"image\/jpeg","source_url":"https:\/\/antoinelemaire-archi-photo.fr\/wp-content\/uploads\/2018\/06\/coupe-maternelle-texture.jpg"}},"image_meta":{"aperture":"0","credit":"","camera":"","caption":"","created_timestamp":"0","copyright":"","focal_length":"0","iso":"0","shutter_speed":"0","title":"A1 2","orientation":"1","keywords":[]}},"post":481,"source_url":"https:\/\/antoinelemaire-archi-photo.fr\/wp-content\/uploads\/2018\/06\/coupe-maternelle-texture.jpg","_links":{"self":[{"href":"https:\/\/antoinelemaire-archi-photo.fr\/index.php\/wp-json\/wp\/v2\/media\/485","targetHints":{"allow":["GET"]}}],"collection":[{"href":"https:\/\/antoinelemaire-archi-photo.fr\/index.php\/wp-json\/wp\/v2\/media"}],"about":[{"href":"https:\/\/antoinelemaire-archi-photo.fr\/index.php\/wp-json\/wp\/v2\/types\/attachment"}],"author":[{"embeddable":true,"href":"https:\/\/antoinelemaire-archi-photo.fr\/index.php\/wp-json\/wp\/v2\/users\/1"}],"replies":[{"embeddable":true,"href":"https:\/\/antoinelemaire-archi-photo.fr\/index.php\/wp-json\/wp\/v2\/comments?post=485"}],"wp:attached-to":[{"embeddable":true,"post_type":"post","id":481,"href":"https:\/\/antoinelemaire-archi-photo.fr\/index.php\/wp-json\/wp\/v2\/posts\/481"}],"curies":[{"name":"wp","href":"https:\/\/api.w.org\/{rel}","templated":true}]}}

Coupe détail classe élémentaire 1/50

<p class="attachment"><a href='https://antoinelemaire-archi-photo.fr/wp-content/uploads/2018/06/coupe-maternelle-texture.jpg'><img loading="lazy" decoding="async" width="300" height="178" src="https://antoinelemaire-archi-photo.fr/wp-content/uploads/2018/06/coupe-maternelle-texture-300x178.jpg" class="attachment-medium size-medium" alt="Coupe détail classe élémentaire 1/50" srcset="https://antoinelemaire-archi-photo.fr/wp-content/uploads/2018/06/coupe-maternelle-texture-300x178.jpg 300w, https://antoinelemaire-archi-photo.fr/wp-content/uploads/2018/06/coupe-maternelle-texture-768x456.jpg 768w, https://antoinelemaire-archi-photo.fr/wp-content/uploads/2018/06/coupe-maternelle-texture-1024x607.jpg 1024w" sizes="auto, (max-width: 300px) 100vw, 300px" /></a></p>
<p>Coupe détail classe élémentaire 1/50</p>

<p>Coupe détail classe élémentaire 1/50</p>
