{"id":186,"date":"2017-09-20T11:29:12","date_gmt":"2017-09-20T09:29:12","guid":{"rendered":"http:\/\/antoinelemaire-archi-photo.fr\/wp-content\/uploads\/2017\/09\/IMG_2636.jpg"},"modified":"2017-09-20T11:32:38","modified_gmt":"2017-09-20T09:32:38","slug":"img_2636","status":"inherit","type":"attachment","link":"https:\/\/antoinelemaire-archi-photo.fr\/index.php\/2017\/09\/20\/un-tour-au-couvent-de-la-tourette-antoine-lemaire\/img_2636\/","title":{"rendered":"Lumi\u00e8re de La Chapelle"},"author":1,"featured_media":0,"comment_status":"open","ping_status":"closed","template":"","meta":{"_monsterinsights_skip_tracking":false,"_monsterinsights_sitenote_active":false,"_monsterinsights_sitenote_note":"","_monsterinsights_sitenote_category":0},"class_list":["post-186","attachment","type-attachment","status-inherit","hentry"],"description":{"rendered":"<p class=\"attachment\"><a href='https:\/\/antoinelemaire-archi-photo.fr\/wp-content\/uploads\/2017\/09\/IMG_2636.jpg'><img loading=\"lazy\" decoding=\"async\" width=\"300\" height=\"200\" src=\"https:\/\/antoinelemaire-archi-photo.fr\/wp-content\/uploads\/2017\/09\/IMG_2636-300x200.jpg\" class=\"attachment-medium size-medium\" alt=\"Lumi\u00e8re de La Chapelle, ou les multiples syst\u00e8mes lumineux \u00e9clairent la nef.\" srcset=\"https:\/\/antoinelemaire-archi-photo.fr\/wp-content\/uploads\/2017\/09\/IMG_2636-300x200.jpg 300w, https:\/\/antoinelemaire-archi-photo.fr\/wp-content\/uploads\/2017\/09\/IMG_2636-768x512.jpg 768w, https:\/\/antoinelemaire-archi-photo.fr\/wp-content\/uploads\/2017\/09\/IMG_2636-1024x683.jpg 1024w, https:\/\/antoinelemaire-archi-photo.fr\/wp-content\/uploads\/2017\/09\/IMG_2636-750x500.jpg 750w\" sizes=\"auto, (max-width: 300px) 100vw, 300px\" \/><\/a><\/p>\n<p>Lumi\u00e8re de La Chapelle, ou les multiples syst\u00e8mes lumineux \u00e9clairent la nef.<\/p>\n"},"caption":{"rendered":"<p>Lumi\u00e8re de La Chapelle, ou les multiples syst\u00e8mes lumineux \u00e9clairent la nef.<\/p>\n"},"alt_text":"Lumi\u00e8re de La Chapelle, ou les multiples syst\u00e8mes lumineux \u00e9clairent la nef.","media_type":"image","mime_type":"image\/jpeg","media_details":{"width":4272,"height":2848,"file":"2017\/09\/IMG_2636.jpg","sizes":{"thumbnail":{"file":"IMG_2636-150x150.jpg","width":150,"height":150,"mime_type":"image\/jpeg","source_url":"https:\/\/antoinelemaire-archi-photo.fr\/wp-content\/uploads\/2017\/09\/IMG_2636-150x150.jpg"},"medium":{"file":"IMG_2636-300x200.jpg","width":300,"height":200,"mime_type":"image\/jpeg","source_url":"https:\/\/antoinelemaire-archi-photo.fr\/wp-content\/uploads\/2017\/09\/IMG_2636-300x200.jpg"},"medium_large":{"file":"IMG_2636-768x512.jpg","width":768,"height":512,"mime_type":"image\/jpeg","source_url":"https:\/\/antoinelemaire-archi-photo.fr\/wp-content\/uploads\/2017\/09\/IMG_2636-768x512.jpg"},"large":{"file":"IMG_2636-1024x683.jpg","width":1024,"height":683,"mime_type":"image\/jpeg","source_url":"https:\/\/antoinelemaire-archi-photo.fr\/wp-content\/uploads\/2017\/09\/IMG_2636-1024x683.jpg"},"shop_isle_blog_image_size":{"file":"IMG_2636-750x500.jpg","width":750,"height":500,"mime_type":"image\/jpeg","source_url":"https:\/\/antoinelemaire-archi-photo.fr\/wp-content\/uploads\/2017\/09\/IMG_2636-750x500.jpg"},"shop_isle_banner_homepage":{"file":"IMG_2636-360x235.jpg","width":360,"height":235,"mime_type":"image\/jpeg","source_url":"https:\/\/antoinelemaire-archi-photo.fr\/wp-content\/uploads\/2017\/09\/IMG_2636-360x235.jpg"},"shop_isle_category_thumbnail":{"file":"IMG_2636-500x500.jpg","width":500,"height":500,"mime_type":"image\/jpeg","source_url":"https:\/\/antoinelemaire-archi-photo.fr\/wp-content\/uploads\/2017\/09\/IMG_2636-500x500.jpg"},"shop_isle_cart_item_image_size":{"file":"IMG_2636-58x72.jpg","width":58,"height":72,"mime_type":"image\/jpeg","source_url":"https:\/\/antoinelemaire-archi-photo.fr\/wp-content\/uploads\/2017\/09\/IMG_2636-58x72.jpg"},"full":{"file":"IMG_2636.jpg","width":4272,"height":2848,"mime_type":"image\/jpeg","source_url":"https:\/\/antoinelemaire-archi-photo.fr\/wp-content\/uploads\/2017\/09\/IMG_2636.jpg"}},"image_meta":{"aperture":"4.5","credit":"","camera":"Canon EOS 450D","caption":"","created_timestamp":"1505584560","copyright":"","focal_length":"30","iso":"200","shutter_speed":"0.1","title":"","orientation":"1","keywords":[]}},"post":182,"source_url":"https:\/\/antoinelemaire-archi-photo.fr\/wp-content\/uploads\/2017\/09\/IMG_2636.jpg","_links":{"self":[{"href":"https:\/\/antoinelemaire-archi-photo.fr\/index.php\/wp-json\/wp\/v2\/media\/186","targetHints":{"allow":["GET"]}}],"collection":[{"href":"https:\/\/antoinelemaire-archi-photo.fr\/index.php\/wp-json\/wp\/v2\/media"}],"about":[{"href":"https:\/\/antoinelemaire-archi-photo.fr\/index.php\/wp-json\/wp\/v2\/types\/attachment"}],"author":[{"embeddable":true,"href":"https:\/\/antoinelemaire-archi-photo.fr\/index.php\/wp-json\/wp\/v2\/users\/1"}],"replies":[{"embeddable":true,"href":"https:\/\/antoinelemaire-archi-photo.fr\/index.php\/wp-json\/wp\/v2\/comments?post=186"}],"wp:attached-to":[{"embeddable":true,"post_type":"post","id":182,"href":"https:\/\/antoinelemaire-archi-photo.fr\/index.php\/wp-json\/wp\/v2\/posts\/182"}],"curies":[{"name":"wp","href":"https:\/\/api.w.org\/{rel}","templated":true}]}}

Lumière de La Chapelle

<p class="attachment"><a href='https://antoinelemaire-archi-photo.fr/wp-content/uploads/2017/09/IMG_2636.jpg'><img loading="lazy" decoding="async" width="300" height="200" src="https://antoinelemaire-archi-photo.fr/wp-content/uploads/2017/09/IMG_2636-300x200.jpg" class="attachment-medium size-medium" alt="Lumière de La Chapelle, ou les multiples systèmes lumineux éclairent la nef." srcset="https://antoinelemaire-archi-photo.fr/wp-content/uploads/2017/09/IMG_2636-300x200.jpg 300w, https://antoinelemaire-archi-photo.fr/wp-content/uploads/2017/09/IMG_2636-768x512.jpg 768w, https://antoinelemaire-archi-photo.fr/wp-content/uploads/2017/09/IMG_2636-1024x683.jpg 1024w, https://antoinelemaire-archi-photo.fr/wp-content/uploads/2017/09/IMG_2636-750x500.jpg 750w" sizes="auto, (max-width: 300px) 100vw, 300px" /></a></p>
<p>Lumière de La Chapelle, ou les multiples systèmes lumineux éclairent la nef.</p>

<p>Lumière de La Chapelle, ou les multiples systèmes lumineux éclairent la nef.</p>

Lumière de La Chapelle, ou les multiples systèmes lumineux éclairent la nef.
